{"id":53,"date":"2024-08-08T15:52:05","date_gmt":"2024-08-08T15:52:05","guid":{"rendered":"https:\/\/www.borrings.dk\/?page_id=53"},"modified":"2025-05-01T17:04:33","modified_gmt":"2025-05-01T17:04:33","slug":"fotopriser","status":"publish","type":"page","link":"https:\/\/www.borrings.dk\/?page_id=53","title":{"rendered":"Fotopriser"},"content":{"rendered":"\n<p><strong>Fotosession portr\u00e6t eller gruppe:<\/strong><\/p>\n\n\n\n<p>I studie eller naturen.<\/p>\n\n\n\n<p>F\u00f8rste time 375 kr. derefter pr. time 300 Kr.<\/p>\n\n\n\n<p>K\u00f8rsel pr. KM inkl. tidsforbrug 7 kr.<\/p>\n\n\n\n<p>Digital fil til web (72 dpi) pr. stk. 75 kr.<\/p>\n\n\n\n<p>Digital fil til print (300 dpi) pr. stk. 150 kr.<\/p>\n\n\n\n<p><strong>Print p\u00e5 semigloss eller gloss Epson &nbsp;papir pr. stk.:<\/strong><\/p>\n\n\n\n<p>9&#215;12 \/ 10&#215;15&nbsp; 25 kr.<\/p>\n\n\n\n<p>13&#215;18&nbsp; 45 kr.<\/p>\n\n\n\n<p>18&#215;24&nbsp; 90 kr.<\/p>\n\n\n\n<p>21&#215;30 A4&nbsp; 138 kr.<\/p>\n\n\n\n<p>24&#215;30&nbsp; 145 kr.<\/p>\n\n\n\n<p>30&#215;40&nbsp; 178 kr.<\/p>\n\n\n\n<p>Alle priser er inkl. 25 % moms<\/p>\n\n\n\n<p>Foto kan ses og udv\u00e6lges i lukket online galleri.<\/p>\n\n\n\n<p>Yderlige info \/ tidsbestilling kontakt Per Borring<\/p>\n\n\n\n<p>Mobil 27514052 Mail per@borrings.dk<\/p>\n\n\n\n<p><\/p>\n","protected":false},"excerpt":{"rendered":"<p>Fotosession portr\u00e6t eller gruppe: I studie eller naturen. F\u00f8rste time 375 kr. derefter pr. time 300 Kr. K\u00f8rsel pr. KM inkl. tidsforbrug 7 kr. Digital fil til web (72 dpi) pr. stk. 75 kr. Digital fil til print (300 dpi) pr. stk. 150 kr. Print p\u00e5 semigloss eller gloss Epson &nbsp;papir pr. stk.: 9&#215;12 \/&#8230;<\/p>\n","protected":false},"author":1,"featured_media":0,"parent":0,"menu_order":0,"comment_status":"closed","ping_status":"closed","template":"","meta":{"footnotes":""},"class_list":["post-53","page","type-page","status-publish","hentry"],"_links":{"self":[{"href":"https:\/\/www.borrings.dk\/index.php?rest_route=\/wp\/v2\/pages\/53","targetHints":{"allow":["GET"]}}],"collection":[{"href":"https:\/\/www.borrings.dk\/index.php?rest_route=\/wp\/v2\/pages"}],"about":[{"href":"https:\/\/www.borrings.dk\/index.php?rest_route=\/wp\/v2\/types\/page"}],"author":[{"embeddable":true,"href":"https:\/\/www.borrings.dk\/index.php?rest_route=\/wp\/v2\/users\/1"}],"replies":[{"embeddable":true,"href":"https:\/\/www.borrings.dk\/index.php?rest_route=%2Fwp%2Fv2%2Fcomments&post=53"}],"version-history":[{"count":4,"href":"https:\/\/www.borrings.dk\/index.php?rest_route=\/wp\/v2\/pages\/53\/revisions"}],"predecessor-version":[{"id":249,"href":"https:\/\/www.borrings.dk\/index.php?rest_route=\/wp\/v2\/pages\/53\/revisions\/249"}],"wp:attachment":[{"href":"https:\/\/www.borrings.dk\/index.php?rest_route=%2Fwp%2Fv2%2Fmedia&parent=53"}],"curies":[{"name":"wp","href":"https:\/\/api.w.org\/{rel}","templated":true}]}}